d 14548190?
46
Calculate the greatest common factor of 27528 and 81363.
111
What is the greatest common divisor of 2048 and 504768?
64
What is the highest common divisor of 1510 and 72?
2
Calculate the highest common factor of 28044 and 1140.
228
Calculate the greatest common factor of 248 and 174654.
62
What is the greatest common divisor of 953401 and 139?
139
Calculate the greatest common factor of 15873 and 241943.
481
Calculate the highest common divisor of 41921 and 21571.
407
What is the highest common factor of 67527 and 149445?
1107
Calculate the highest common divisor of 83739 and 824.
103
What is the highest common divisor of 1014 and 131482?
338
Calculate the highest common divisor of 797716 and 4.
4
What is the greatest common factor of 284 and 2053604?
284
What is the highest common factor of 286 and 594?
22
What is the highest common divisor of 88 and 555368?
88
What is the greatest common factor of 151 and 293?
1
What is the highest common factor of 5255454 and 138?
138
Calculate the greatest common divisor of 446 and 2734203.
223
What is the highest common factor of 7225930 and 58?
58
Calculate the greatest common factor of 7 and 498071.
7
Calculate the highest common divisor of 828 and 497421.
207
Calculate the greatest common factor of 255 and 38046.
51
What is the greatest common factor of 42 and 120666?
42
What is the greatest common divisor of 53823 and 462?
231
What is the highest common factor of 45 and 5550?
15
What is the greatest common factor of 113022 and 7?
7
What is the highest common divisor of 27 and 141021?
27
What is the highest common divisor of 11546 and 72790?
502
What is the highest common factor of 289 and 131444?
17
Calculate the greatest common factor of 300 and 38550.
150
What is the highest common factor of 87 and 37091?
29
Calculate the highest common divisor of 11622 and 9542.
26
What is the highest common factor of 453 and 2989649?
151
Calculate the greatest common factor of 1722 and 2180052.
1722
What is the highest common factor of 2838923 and 38?
19
What is the highest common divisor of 1375 and 173525?
275
Calculate the greatest common factor of 10651092 and 106.
106
Calculate the highest common factor of 76 and 51604.
76
What is the highest common divisor of 268397 and 239?
239
What is the greatest common divisor of 4140 and 83375?
115
Calculate the highest common divisor of 6902 and 638.
58
Calculate the highest common divisor of 2058 and 3052.
14
What is the highest common factor of 308 and 12089?
77
What is the highest common factor of 182 and 57694?
182
Calculate the greatest common divisor of 34594 and 238.
14
What is the highest common divisor of 55 and 401632?
11
What is the highest common divisor of 10573 and 388?
97
What is the greatest common divisor of 144 and 255472?
16
Calculate the highest common factor of 1583991 and 258.
129
What is the highest common divisor of 57960 and 13860?
1260
Calculate the greatest common factor of 22165 and 11.
11
Calculate the greatest common divisor of 546490 and 703.
37
What is the highest common factor of 29544 and 24?
24
What is the greatest common divisor of 147565 and 220?
55
What is the highest common factor of 473520 and 180?
60
What is the highest common divisor of 57479 and 1255?
251
What is the highest common factor of 261056 and 832?
64
Calculate the highest common factor of 80414 and 248.
62
What is the highest common divisor of 30875 and 20501?
247
What is the greatest common divisor of 28763 and 39329?
587
Calculate the highest common factor of 173760 and 3520.
320
Calculate the greatest common divisor of 672211 and 237.
79
What is the greatest common factor of 20254 and 15808?
494
What is the highest common divisor of 264 and 139488?
24
Calculate the highest common factor of 5 and 51955.
5
What is the highest common divisor of 29050 and 450?
50
Calculate the highest common factor of 160766 and 310.
62
What is the highest common factor of 50440 and 936?
104
Calculate the highest common factor of 316 and 204.
4
Calculate the greatest common factor of 1293273 and 209.
19
What is the greatest common divisor of 586245 and 15?
15
What is the greatest common factor of 1826 and 6142?
166
What is the highest common divisor of 230 and 143750?
230
What is the greatest common factor of 63635 and 26?
13
Calculate the greatest common factor of 318114 and 27.
27
Calculate the greatest common divisor of 30889 and 289.
17
Calculate the highest common factor of 39 and 424424.
13
Calculate the highest common divisor of 446 and 626184.
446
What is the highest common factor of 1189 and 24723?
41
What is the highest common divisor of 11289 and 21783?
159
Calculate the greatest common factor of 248 and 208.
8
What is the highest common divisor of 888 and 1368?
24
Calculate the greatest common divisor of 12 and 2883.
3
Calculate the greatest common divisor of 35784 and 9.
9
Calculate the greatest common divisor of 1808 and 157748.
452
Calculate the highest common divisor of 2018355 and 60.
15
Calculate the highest common divisor of 772 and 459726.
386
Calculate the highest common divisor of 33 and 8543271.
33
What is the greatest common divisor of 1311 and 698079?
57
Calculate the highest common divisor of 76 and 64106.
38
Calculate the greatest common divisor of 386 and 2257714.
386
What is the greatest common divisor of 102051 and 75854?
391
What is the greatest common factor of 161482 and 526?
526
What is the highest common factor of 5432 and 184?
8
What is the highest common factor of 666 and 1789209?
333
What is the greatest common factor of 11060 and 350?
70
Calculate the highest common factor of 132 and 1363472.
44
Calculate the greatest common factor of 127171 and 121.
121
What is the greatest common divisor of 32 and 30412?
4
What is the highest common divisor of 61266 and 12?
6
What is the highest common factor of 34880 and 2507?
109
What is the greatest common divisor of 912 and 436544?
304
What is the highest common factor of 2936 and 101?
1
Calculate the highest common divisor of 4046 and 952.
238
What is the highest common factor of 592969 and 13?
13
Calculate the greatest common factor of 339999 and 66.
33
Calculate the highest common divisor of 36 and 765486.
18
What is the greatest common divisor of 230 and 30866?
46
What is the greatest common factor of 8853 and 741?
39
What is the highest common factor of 10431 and 6?
3
What is the highest common divisor of 463856 and 530?
106
What is the highest common divisor of 3505 and 10?
5
Calculate the highest common factor of 181473 and 3.
3
What is the greatest common factor of 320128 and 984?
328
What is the greatest common divisor of 10088742 and 1446?
1446
Calculate the highest common factor of 4129062 and 84.
42
What is the highest common divisor of 513952 and 32?
32
Calculate the highest common factor of 78 and 211822.
26
What is the highest common factor of 61841 and 402?
67
What is the highest common factor of 145548 and 36698?
622
What is the highest common factor of 7657 and 10075?
403
Calculate the highest common divisor of 24 and 25656.
24
What is the highest common factor of 532 and 5579?
7
Calculate the greatest common divisor of 295970 and 2720.
170
Calculate the greatest common divisor of 8747 and 1.
1
Calculate the highest common factor of 22616 and 4312.
88
Calculate the greatest common divisor of 1305 and 5760.
45
Calculate the greatest common divisor of 4917101 and 1127.
1127
What is the greatest common factor of 774 and 32938?
86
What is the highest common divisor of 2717 and 57200?
143
Calculate the greatest common divisor of 1566 and 20682.
54
What is the highest common divisor of 20874 and 1092?
42
Calculate the greatest common factor of 78526 and 1349.
71
Calculate the highest common divisor of 273362 and 206.
206
Calculate the greatest common divisor of 78116 and 1180.
236
Calculate the highest common factor of 76 and 2116.
4
What is the greatest common divisor of 36 and 8361?
9
Calculate the highest common factor of 4092 and 1515.
3
What is the highest common divisor of 7896 and 2436?
84
Calculate the greatest common factor of 1658510 and 70.
70
Calculate the greatest common factor of 32250 and 473.
43
Calculate the highest common divisor of 1 and 49307.
1
Calculate 